.
-1
Let a(g) = 72*g**2 + 609*g - 256. Give a(-9).
95
Let c(p) = -p**3 + 32*p**2 - 47*p - 26. Calculate c(30).
364
Let w(a) = -a**3 - 137*a**2 + 3856*a + 4828. Give w(25).
-22
Let f(t) = -t**3 + 7*t**2 - 78*t + 298. Determine f(6).
-134
Let a(r) = -257*r + 18297. What is a(70)?
307
Let q(r) = 46*r**2 + 897*r - 4503. Determine q(5).
1132
Let u(g) = g**3 - 32*g**2 + 63*g - 547. What is u(30)?
-457
Let k(w) = 2*w**3 + 1185*w**2 + 3843*w + 1223386. What is k(-591)?
16
Let o(k) = 1442482*k + 8654895. What is o(-6)?
3
Let m(l) = -19*l**2 - 258*l - 10. What is m(-17)?
-1115
Let i(w) = -w**3 + 17*w**2 - 54*w - 231. Calculate i(10).
-71
Let z(c) = -12833*c + 25715. Give z(2).
49
Let b(j) = 2*j**3 - 54*j**2 + 21*j - 19. Determine b(27).
548
Let f(b) = -13684*b - 13750. Calculate f(-1).
-66
Let m(q) = 3*q**3 + 34*q**2 + 580*q + 6394. Calculate m(-11).
135
Let b(w) = 663*w - 3273. What is b(5)?
42
Let b(i) = 188*i + 24897. Calculate b(-136).
-671
Let f(b) = -3*b**2 + 1293*b + 81920. Determine f(-56).
104
Let i(t) = 10*t**2 - 742*t + 13575. Calculate i(33).
-21
Let v(k) = 2*k**2 + 33263*k - 799473. Give v(24).
-9
Let c(f) = -41*f**2 + 853*f - 1376. Give c(19).
30
Let z(y) = 84846*y + 424238. What is z(-5)?
8
Let w(b) = -1095*b + 37198. Calculate w(34).
-32
Let p(b) = -327*b + 17820. Determine p(54).
162
Let p(c) = -3*c**2 + 124*c - 2098. Calculate p(30).
-1078
Let x(t) = -t**3 + 90*t**2 + 335*t - 13817. Give x(92).
75
Let l(u) = 192*u - 63867. Calculate l(336).
645
Let j(p) = 396*p + 385. Give j(3).
1573
Let o(d) = -9*d**2 - 1445*d - 50048. What is o(-110)?
2
Let c(q) = -76*q - 5660. Determine c(-95).
1560
Let l(k) = 14949*k - 224146. Give l(15).
89
Let s(m) = 125*m**3 + 4501*m**2 + 44*m + 308. Calculate s(-36).
20
Let a(q) = q**3 + 18*q**2 - 322*q - 383. What is a(12)?
73
Let w(p) = 5*p**2 - 1033*p + 11070. What is w(11)?
312
Let b(t) = -1151*t + 2412. What is b(2)?
110
Let a(m) = 34*m**3 + 706*m**2 - 25*m - 14. Determine a(-21).
-3017
Let d(z) = -z**3 - 8*z**2 + 11*z + 6. Give d(-10).
96
Let x(m) = -m**3 - 62*m**2 + 902*m - 352. What is x(12)?
-184
Let y(p) = -63340*p - 570801. Give y(-9).
-741
Let s(b) = 2*b**3 + 2*b**2 + 48*b - 215. Give s(6).
577
Let x(d) = d**3 - 92*d**2 + 1274*d - 19503. Give x(79).
10
Let a(t) = t**3 + 63*t**2 - 80*t - 5456. Calculate a(-63).
-416
Let p(m) = 6*m**2 - 1429*m + 9739. What is p(7)?
30
Let w(k) = -106*k**2 + 130*k + 83. Give w(-1).
-153
Let y(u) = -4*u**2 - 115*u + 4497. Determine y(22).
31
Let a(u) = -480766*u - 6730719. What is a(-14)?
5
Let i(p) = 2*p**3 - 26*p**2 - 935*p + 12683. Calculate i(14).
-15
Let v(j) = -j**3 - 25*j**2 + 70*j + 437. Determine v(-3).
29
Let j(z) = 190*z**2 - 754*z - 2324. What is j(6)?
-8
Let c(z) = -z**3 + 159*z**2 - 1188*z + 64357. Calculate c(154).
-15
Let h(s) = -s**2 + 403*s - 1982. Give h(5).
8
Let x(b) = b**3 - 33*b**2 + 23*b + 120. Calculate x(-7).
-2001
Let a(s) = s**3 - 4*s**2 - 163*s + 858. Determine a(5).
68
Let z(i) = -i**3 - 388*i**2 - 780*i - 2781. Calculate z(-386).
307
Let h(k) = -6630*k + 132566. Determine h(20).
-34
Let c(a) = 347*a**2 + 2022*a + 131. Determine c(-6).
491
Let h(c) = 272*c + 5674. Give h(-27).
-1670
Let l(j) = 231*j**2 - 44*j - 26. Calculate l(-2).
986
Let g(d) = -141*d**3 + 62*d**2 - d + 2. Give g(-2).
1380
Let g(p) = p**2 - 10313*p - 382945. Give g(-37).
5
Let v(i) = i**3 - 635*i**2 + 10770*i + 207313. Give v(617).
1
Let l(n) = -8*n**2 + 30*n + 463. Calculate l(14).
-685
Let a(p) = 2*p**3 + 1401*p**2 + 765*p + 45506. Give a(-700).
6
Let g(z) = 16320*z - 130178. Give g(8).
382
Let n(g) = -g**3 + 1277*g**2 - 1986*g - 719095. Calculate n(1275).
5
Let c(r) = r**2 + 209*r + 6754. Determine c(-169).
-6
Let g(m) = -8*m**3 - 50*m**2 - 76*m + 5. What is g(-4)?
21
Let w(i) = 6381*i - 969978. Give w(152).
-66
Let y(l) = 40*l**3 - 88*l**2 + 210*l - 404. Determine y(2).
-16
Let w(u) = 2*u**2 - 169*u - 20337. Give w(-67).
-36
Let c(p) = -126*p**2 + 2673*p + 50. Give c(19).
5351
Let h(q) = 2*q**3 + 505*q**2 + 1741*q - 489. What is h(-249)?
9
Let s(k) = -632790*k - 5062322. Give s(-8).
-2
Let l(s) = s**3 + 23*s**2 + 1109*s + 23989. Give l(-22).
75
Let o(u) = 3*u**3 + 21*u**2 + 55*u + 405. What is o(-7)?
20
Let t(k) = -2*k**2 - 9443*k + 37810. Determine t(4).
6
Let k(w) = w**2 - 1746*w - 24687. Give k(-14).
-47
Let b(o) = o**3 + 20*o**2 - 10*o + 243. Determine b(-21).
12
Let y(q) = -103*q**2 - q - 853. What is y(0)?
-853
Let r(k) = 26*k**2 + 5102*k - 19579. Calculate r(-200).
21
Let l(u) = 745*u + 32030. Give l(-43).
-5
Let m(y) = -2*y**3 - 101*y**2 + 6253*y - 895. Calculate m(36).
5
Let z(o) = -1007*o + 159145. Give z(158).
39
Let x(j) = -j**2 + 539*j - 22227. Determine x(44).
-447
Let r(u) = 3*u**3 - 1170*u**2 + 24*u - 9352. What is r(390)?
8
Let d(x) = 1689*x + 231131. Determine d(-137).
-262
Let y(t) = t**3 - 70*t**2 - 1962*t - 1078. Determine y(-21).
-7
Let i(h) = -h**3 + 417*h**2 - 2872*h - 1412. Calculate i(410).
-2232
Let u(c) = 3*c**2 + 144*c - 1170. Calculate u(-20).
-2850
Let x(s) = 39373*s - 196860. What is x(5)?
5
Let a(j) = -46*j**2 - 454*j + 1865. Determine a(-13).
-7
Let i(x) = 12*x**2 + 193*x + 1769. Determine i(-20).
2709
Let r(t) = -9357*t + 30543. What is r(3)?
2472
Let x(a) = -17*a**2 + 514*a + 1636. Give x(-3).
-59
Let v(a) = a**3 - 138*a**2 + 1132*a - 197696. What is v(140)?
-16
Let p(v) = -v**3 - 148*v**2 - 2282*v - 28. Calculate p(-17).
907
Let t(w) = -154*w**2 + 2511*w - 5033. What is t(2)?
-627
Let m(z) = -z**3 - 3*z**2 + 33*z + 13. What is m(-7)?
-22
Let l(j) = 3483*j + 24295. Determine l(-7).
-86
Let o(v) = 37*v + 476. Give o(-3).
365
Let c(s) = 139*s**2 - 148*s + 276. What is c(3)?
1083
Let x(p) = -201*p + 10761. Calculate x(53).
108
Let z(g) = -g**3 + 67*g**2 - 1005*g - 323. Give z(44).
-15
Let c(b) = 547*b - 33021. Determine c(60).
-201
Let u(p) = p**3 + 38*p**2 - 1149*p - 43888. What is u(-35)?
2
Let r(x) = x**2 - 469*x - 25411. Calculate r(-49).
-29
Let l(f) = f**3 + 14*f**2 + 10085*f + 161868. Calculate l(-16).
-4
Let c(d) = -6711*d - 1026808. Calculate c(-153).
-25
Let j(v) = -3*v**2 + 291*v - 7234. Give j(53).
-238
Let q(h) = 4*h**3 - 9*h**2 + 85*h - 3915. Give q(10).
35
Let j(n) = -9*n**3 - 126*n**2 + 188*n + 922. Calculate j(-15).
127
Let z(v) = 240*v**2 - 4440*v + 9. Calculate z(19).
2289
Let p(h) = 21485*h + 86937. Give p(-4).
997
Let h(t) = 2*t**3 + 78*t**2 + 186*t - 153. Give h(-36).
927
Let r(t) = -3*t**3 + 62*t**2 + 1082*t + 207. What is r(32)?
15
Let w(p) = p**3 - 465*p**2 + 1895*p - 23360. Give w(461).
151
Let w(y) = y**2 + 259*y - 28299. Determine w(83).
87
Let i(z) = -410*z + 25753. Give i(63).
-77
Let a(b) = 311*b + 98331. Give a(-317).
-256
Let k(p) = -255*p - 31448. What is k(-123)?
-83
Let r(s) = -59046*s + 177139. Determine r(3).
1
Let z(k) = -2*k**2 + 689*k + 2511. Determine z(348).
75
Let q(x) = -x**3 - 619*x**2 - 2929*x + 706. Determine q(-5).
1
Let c(f) = 22745*f + 45484. Calculate c(-2).
-6
Let g(q) = 2*q**3 + 57*q**2 + 205*q + 5100. Give g(-28).
144
Let s(n) = -n**3 + 63*n**2 + 9264*n - 554152. Give s(58).
-20
Let o(n) = 1671*n - 51725. Calculate o(31).
76
Let f(r) = -2341*r + 25799. Calculate f(11).
48
Let q(w) = 43*w**3 - 3*w**2 + 217*w - 639. Calculate q(3).
1146
Let p(x) = 2*x**3 - 109*x**2 + 275*x - 532. Determine p(52).
248
Let h(c) = 6*c**3 + 66*c**2 - 58*c - 9. Determine h(1).
5
Let i(k) = -73*k**2 + 9*k + 40. Give i(-2).
-270
Let t(u) = 9*u**3 - 39*u**2 - 1071*u + 2232. Give t(2).
6
Let k(t) = 34*t**2 + 26703*t - 16448. Determine k(-786).
58
Let z(l) = -4*l**2 - 224*l + 1412. Determine z(-59).
704
Let r(q) = -735*q + 7001. What is r(8)?
1121
Let y(s) = -3062*s - 1347. Determine y(-1).
1715
Let i(a) = -16*a**2 - 24*a + 335. Calculate i(-5).
55
Let x(p) = -441311*p - 40600618. What is x(-92)?
-6
Let o(w) = 1030*w + 19399. Give o(-19).
-171
Let g(p) = 2113*p + 154187. What is g(-73)?
-62
Let x(o) = 59159*o - 769016. Determine x(13).
51
Let k(l) = -2*l**3 - 402*l**2 - 5927*l + 179. Give k(-185).
1474
Let d(a) = 3207*a**2 - 15973*a + 12. Determine d(5).
322
Let u(m) = -2767*m + 12332. Determine u(4).
1264
Let o(u) = 2588*u + 98392. What is o(-38)?
48
Let x(f) = f**3 + 163*f - 690. Calculate x(4).
26
Let d(x) = -22283*x + 668478. Determine d(30).
-12
Let n(z) = -226813*z - 7711668. Calculate n(-34).
-26
L